{"id":5456,"date":"2024-01-02T19:06:13","date_gmt":"2024-01-02T18:06:13","guid":{"rendered":"https:\/\/www.galerie87.com\/?post_type=product&#038;p=5456"},"modified":"2025-10-22T17:45:56","modified_gmt":"2025-10-22T15:45:56","slug":"banana-sofa-vintage-scandinave","status":"publish","type":"product","link":"https:\/\/www.galerie87.com\/en\/product\/banana-sofa-vintage-scandinave\/","title":{"rendered":"Banana sofa vintage scandinave"},"content":{"rendered":"<p>Canap\u00e9 courbe , appel\u00e9 banana sofa, structure en bois recouvert de son tissu vert en bon \u00e9tat d&rsquo;usage. Danemark ann\u00e9es 40<\/p>\n<p>L 150 H 72 P72<\/p>","protected":false},"excerpt":{"rendered":"<p>Canap\u00e9 courbe , appel\u00e9 banana sofa, structure en bois recouvert de son tissu vert en bon \u00e9tat d&rsquo;usage. Danemark ann\u00e9es 40<\/p>\n<p>L 150 H 72 P72<\/p>","protected":false},"featured_media":5458,"template":"","meta":{"site-sidebar-layout":"default","site-content-layout":"","ast-site-content-layout":"default","site-content-style":"default","site-sidebar-style":"default","ast-global-header-display":"","ast-banner-title-visibility":"","ast-main-header-display":"","ast-hfb-above-header-display":"","ast-hfb-below-header-display":"","ast-hfb-mobile-header-display":"","site-post-title":"","ast-breadcrumbs-content":"","ast-featured-img":"","footer-sml-layout":"","ast-disable-related-posts":"","theme-transparent-header-meta":"default","adv-header-id-meta":"","stick-header-meta":"","header-above-stick-meta":"","header-main-stick-meta":"","header-below-stick-meta":"","astra-migrate-meta-layouts":"set","ast-page-background-enabled":"default","ast-page-background-meta":{"desktop":{"background-color":"","background-image":"","background-repeat":"repeat","background-position":"center center","background-size":"auto","background-attachment":"scroll","background-type":"","background-media":"","overlay-type":"","overlay-color":"","overlay-opacity":"","overlay-gradient":""},"tablet":{"background-color":"","background-image":"","background-repeat":"repeat","background-position":"center center","background-size":"auto","background-attachment":"scroll","background-type":"","background-media":"","overlay-type":"","overlay-color":"","overlay-opacity":"","overlay-gradient":""},"mobile":{"background-color":"","background-image":"","background-repeat":"repeat","background-position":"center center","background-size":"auto","background-attachment":"scroll","background-type":"","background-media":"","overlay-type":"","overlay-color":"","overlay-opacity":"","overlay-gradient":""}},"ast-content-background-meta":{"desktop":{"background-color":"var(--ast-global-color-5)","background-image":"","background-repeat":"repeat","background-position":"center center","background-size":"auto","background-attachment":"scroll","background-type":"","background-media":"","overlay-type":"","overlay-color":"","overlay-opacity":"","overlay-gradient":""},"tablet":{"background-color":"var(--ast-global-color-5)","background-image":"","background-repeat":"repeat","background-position":"center center","background-size":"auto","background-attachment":"scroll","background-type":"","background-media":"","overlay-type":"","overlay-color":"","overlay-opacity":"","overlay-gradient":""},"mobile":{"background-color":"var(--ast-global-color-5)","background-image":"","background-repeat":"repeat","background-position":"center center","background-size":"auto","background-attachment":"scroll","background-type":"","background-media":"","overlay-type":"","overlay-color":"","overlay-opacity":"","overlay-gradient":""}}},"product_brand":[],"product_cat":[28,21],"product_tag":[101,102,61,37,64,36,39],"class_list":{"0":"post-5456","1":"product","2":"type-product","3":"status-publish","4":"has-post-thumbnail","6":"product_cat-fauteuils-canapes-antiquites-du-xxeme","7":"product_cat-mobilier-du-xxeme","8":"product_tag-art-deco","9":"product_tag-banana-sofa","10":"product_tag-canape","11":"product_tag-scandinave","12":"product_tag-sofa","13":"product_tag-vintage","14":"product_tag-xxeme","15":"desktop-align-left","16":"tablet-align-left","17":"mobile-align-left","19":"first","20":"instock","21":"shipping-taxable","22":"purchasable","23":"product-type-simple"},"yoast_head":"<!-- This site is optimized with the Yoast SEO plugin v27.4 - https:\/\/yoast.com\/product\/yoast-seo-wordpress\/ -->\n<title>Banana sofa vintage scandinave | Galerie87<\/title>\n<meta name=\"description\" content=\"Canap\u00e9 courbe , appel\u00e9 banana sofa, structure en bois recouvert de son tissu vert en bon \u00e9tat d&#039;usage. Danemark ann\u00e9es 40\" \/>\n<meta name=\"robots\" content=\"index, follow, max-snippet:-1, max-image-preview:large, max-video-preview:-1\" \/>\n<link rel=\"canonical\" href=\"https:\/\/www.galerie87.com\/en\/product\/banana-sofa-vintage-scandinave\/\" \/>\n<meta property=\"og:locale\" content=\"en_US\" \/>\n<meta property=\"og:type\" content=\"article\" \/>\n<meta property=\"og:title\" content=\"Banana sofa vintage scandinave | Galerie87\" \/>\n<meta property=\"og:description\" content=\"Canap\u00e9 courbe , appel\u00e9 banana sofa, structure en bois recouvert de son tissu vert en bon \u00e9tat d&#039;usage. Danemark ann\u00e9es 40\" \/>\n<meta property=\"og:url\" content=\"https:\/\/www.galerie87.com\/en\/product\/banana-sofa-vintage-scandinave\/\" \/>\n<meta property=\"og:site_name\" content=\"Galerie87\" \/>\n<meta property=\"article:modified_time\" content=\"2025-10-22T15:45:56+00:00\" \/>\n<meta property=\"og:image\" content=\"https:\/\/www.galerie87.com\/wp-content\/uploads\/2024\/01\/banana-sofa-vintage-scandinave-4.png\" \/>\n\t<meta property=\"og:image:width\" content=\"1280\" \/>\n\t<meta property=\"og:image:height\" content=\"1280\" \/>\n\t<meta property=\"og:image:type\" content=\"image\/png\" \/>\n<meta name=\"twitter:card\" content=\"summary_large_image\" \/>\n<meta name=\"twitter:label1\" content=\"Est. reading time\" \/>\n\t<meta name=\"twitter:data1\" content=\"1 minute\" \/>\n<script type=\"application\/ld+json\" class=\"yoast-schema-graph\">{\"@context\":\"https:\\\/\\\/schema.org\",\"@graph\":[{\"@type\":\"WebPage\",\"@id\":\"https:\\\/\\\/www.galerie87.com\\\/produit\\\/banana-sofa-vintage-scandinave\\\/\",\"url\":\"https:\\\/\\\/www.galerie87.com\\\/produit\\\/banana-sofa-vintage-scandinave\\\/\",\"name\":\"Banana sofa vintage scandinave | Galerie87\",\"isPartOf\":{\"@id\":\"https:\\\/\\\/www.galerie87.com\\\/#website\"},\"primaryImageOfPage\":{\"@id\":\"https:\\\/\\\/www.galerie87.com\\\/produit\\\/banana-sofa-vintage-scandinave\\\/#primaryimage\"},\"image\":{\"@id\":\"https:\\\/\\\/www.galerie87.com\\\/produit\\\/banana-sofa-vintage-scandinave\\\/#primaryimage\"},\"thumbnailUrl\":\"https:\\\/\\\/www.galerie87.com\\\/wp-content\\\/uploads\\\/2024\\\/01\\\/banana-sofa-vintage-scandinave-4.png\",\"datePublished\":\"2024-01-02T18:06:13+00:00\",\"dateModified\":\"2025-10-22T15:45:56+00:00\",\"description\":\"Canap\u00e9 courbe , appel\u00e9 banana sofa, structure en bois recouvert de son tissu vert en bon \u00e9tat d'usage. Danemark ann\u00e9es 40\",\"breadcrumb\":{\"@id\":\"https:\\\/\\\/www.galerie87.com\\\/produit\\\/banana-sofa-vintage-scandinave\\\/#breadcrumb\"},\"inLanguage\":\"en-US\",\"potentialAction\":[{\"@type\":\"ReadAction\",\"target\":[\"https:\\\/\\\/www.galerie87.com\\\/produit\\\/banana-sofa-vintage-scandinave\\\/\"]}]},{\"@type\":\"ImageObject\",\"inLanguage\":\"en-US\",\"@id\":\"https:\\\/\\\/www.galerie87.com\\\/produit\\\/banana-sofa-vintage-scandinave\\\/#primaryimage\",\"url\":\"https:\\\/\\\/www.galerie87.com\\\/wp-content\\\/uploads\\\/2024\\\/01\\\/banana-sofa-vintage-scandinave-4.png\",\"contentUrl\":\"https:\\\/\\\/www.galerie87.com\\\/wp-content\\\/uploads\\\/2024\\\/01\\\/banana-sofa-vintage-scandinave-4.png\",\"width\":1280,\"height\":1280,\"caption\":\"banana sofa vintage scandinave 40's\"},{\"@type\":\"BreadcrumbList\",\"@id\":\"https:\\\/\\\/www.galerie87.com\\\/produit\\\/banana-sofa-vintage-scandinave\\\/#breadcrumb\",\"itemListElement\":[{\"@type\":\"ListItem\",\"position\":1,\"name\":\"Accueil\",\"item\":\"https:\\\/\\\/www.galerie87.com\\\/\"},{\"@type\":\"ListItem\",\"position\":2,\"name\":\"Boutique\",\"item\":\"https:\\\/\\\/www.galerie87.com\\\/boutique\\\/\"},{\"@type\":\"ListItem\",\"position\":3,\"name\":\"Banana sofa vintage scandinave\"}]},{\"@type\":\"WebSite\",\"@id\":\"https:\\\/\\\/www.galerie87.com\\\/#website\",\"url\":\"https:\\\/\\\/www.galerie87.com\\\/\",\"name\":\"Galerie87\",\"description\":\"Antiquit\u00e9s - Arts d\u00e9coratifs du XX\u00e8me\",\"publisher\":{\"@id\":\"https:\\\/\\\/www.galerie87.com\\\/#organization\"},\"potentialAction\":[{\"@type\":\"SearchAction\",\"target\":{\"@type\":\"EntryPoint\",\"urlTemplate\":\"https:\\\/\\\/www.galerie87.com\\\/?s={search_term_string}\"},\"query-input\":{\"@type\":\"PropertyValueSpecification\",\"valueRequired\":true,\"valueName\":\"search_term_string\"}}],\"inLanguage\":\"en-US\"},{\"@type\":\"Organization\",\"@id\":\"https:\\\/\\\/www.galerie87.com\\\/#organization\",\"name\":\"Galerie87\",\"url\":\"https:\\\/\\\/www.galerie87.com\\\/\",\"logo\":{\"@type\":\"ImageObject\",\"inLanguage\":\"en-US\",\"@id\":\"https:\\\/\\\/www.galerie87.com\\\/#\\\/schema\\\/logo\\\/image\\\/\",\"url\":\"https:\\\/\\\/galerie.wizengo.com\\\/wp-content\\\/uploads\\\/2022\\\/03\\\/logo-galerie87-transparent.png\",\"contentUrl\":\"https:\\\/\\\/galerie.wizengo.com\\\/wp-content\\\/uploads\\\/2022\\\/03\\\/logo-galerie87-transparent.png\",\"width\":347,\"height\":72,\"caption\":\"Galerie87\"},\"image\":{\"@id\":\"https:\\\/\\\/www.galerie87.com\\\/#\\\/schema\\\/logo\\\/image\\\/\"}}]}<\/script>\n<!-- \/ Yoast SEO plugin. -->","yoast_head_json":{"title":"Banana sofa vintage scandinave | Galerie87","description":"Canap\u00e9 courbe , appel\u00e9 banana sofa, structure en bois recouvert de son tissu vert en bon \u00e9tat d'usage. Danemark ann\u00e9es 40","robots":{"index":"index","follow":"follow","max-snippet":"max-snippet:-1","max-image-preview":"max-image-preview:large","max-video-preview":"max-video-preview:-1"},"canonical":"https:\/\/www.galerie87.com\/en\/product\/banana-sofa-vintage-scandinave\/","og_locale":"en_US","og_type":"article","og_title":"Banana sofa vintage scandinave | Galerie87","og_description":"Canap\u00e9 courbe , appel\u00e9 banana sofa, structure en bois recouvert de son tissu vert en bon \u00e9tat d'usage. Danemark ann\u00e9es 40","og_url":"https:\/\/www.galerie87.com\/en\/product\/banana-sofa-vintage-scandinave\/","og_site_name":"Galerie87","article_modified_time":"2025-10-22T15:45:56+00:00","og_image":[{"width":1280,"height":1280,"url":"https:\/\/www.galerie87.com\/wp-content\/uploads\/2024\/01\/banana-sofa-vintage-scandinave-4.png","type":"image\/png"}],"twitter_card":"summary_large_image","twitter_misc":{"Est. reading time":"1 minute"},"schema":{"@context":"https:\/\/schema.org","@graph":[{"@type":"WebPage","@id":"https:\/\/www.galerie87.com\/produit\/banana-sofa-vintage-scandinave\/","url":"https:\/\/www.galerie87.com\/produit\/banana-sofa-vintage-scandinave\/","name":"Banana sofa vintage scandinave | Galerie87","isPartOf":{"@id":"https:\/\/www.galerie87.com\/#website"},"primaryImageOfPage":{"@id":"https:\/\/www.galerie87.com\/produit\/banana-sofa-vintage-scandinave\/#primaryimage"},"image":{"@id":"https:\/\/www.galerie87.com\/produit\/banana-sofa-vintage-scandinave\/#primaryimage"},"thumbnailUrl":"https:\/\/www.galerie87.com\/wp-content\/uploads\/2024\/01\/banana-sofa-vintage-scandinave-4.png","datePublished":"2024-01-02T18:06:13+00:00","dateModified":"2025-10-22T15:45:56+00:00","description":"Canap\u00e9 courbe , appel\u00e9 banana sofa, structure en bois recouvert de son tissu vert en bon \u00e9tat d'usage. Danemark ann\u00e9es 40","breadcrumb":{"@id":"https:\/\/www.galerie87.com\/produit\/banana-sofa-vintage-scandinave\/#breadcrumb"},"inLanguage":"en-US","potentialAction":[{"@type":"ReadAction","target":["https:\/\/www.galerie87.com\/produit\/banana-sofa-vintage-scandinave\/"]}]},{"@type":"ImageObject","inLanguage":"en-US","@id":"https:\/\/www.galerie87.com\/produit\/banana-sofa-vintage-scandinave\/#primaryimage","url":"https:\/\/www.galerie87.com\/wp-content\/uploads\/2024\/01\/banana-sofa-vintage-scandinave-4.png","contentUrl":"https:\/\/www.galerie87.com\/wp-content\/uploads\/2024\/01\/banana-sofa-vintage-scandinave-4.png","width":1280,"height":1280,"caption":"banana sofa vintage scandinave 40's"},{"@type":"BreadcrumbList","@id":"https:\/\/www.galerie87.com\/produit\/banana-sofa-vintage-scandinave\/#breadcrumb","itemListElement":[{"@type":"ListItem","position":1,"name":"Accueil","item":"https:\/\/www.galerie87.com\/"},{"@type":"ListItem","position":2,"name":"Boutique","item":"https:\/\/www.galerie87.com\/boutique\/"},{"@type":"ListItem","position":3,"name":"Banana sofa vintage scandinave"}]},{"@type":"WebSite","@id":"https:\/\/www.galerie87.com\/#website","url":"https:\/\/www.galerie87.com\/","name":"Galerie87","description":"Antiquit\u00e9s - Arts d\u00e9coratifs du XX\u00e8me","publisher":{"@id":"https:\/\/www.galerie87.com\/#organization"},"potentialAction":[{"@type":"SearchAction","target":{"@type":"EntryPoint","urlTemplate":"https:\/\/www.galerie87.com\/?s={search_term_string}"},"query-input":{"@type":"PropertyValueSpecification","valueRequired":true,"valueName":"search_term_string"}}],"inLanguage":"en-US"},{"@type":"Organization","@id":"https:\/\/www.galerie87.com\/#organization","name":"Galerie87","url":"https:\/\/www.galerie87.com\/","logo":{"@type":"ImageObject","inLanguage":"en-US","@id":"https:\/\/www.galerie87.com\/#\/schema\/logo\/image\/","url":"https:\/\/galerie.wizengo.com\/wp-content\/uploads\/2022\/03\/logo-galerie87-transparent.png","contentUrl":"https:\/\/galerie.wizengo.com\/wp-content\/uploads\/2022\/03\/logo-galerie87-transparent.png","width":347,"height":72,"caption":"Galerie87"},"image":{"@id":"https:\/\/www.galerie87.com\/#\/schema\/logo\/image\/"}}]}},"_links":{"self":[{"href":"https:\/\/www.galerie87.com\/en\/wp-json\/wp\/v2\/product\/5456","targetHints":{"allow":["GET"]}}],"collection":[{"href":"https:\/\/www.galerie87.com\/en\/wp-json\/wp\/v2\/product"}],"about":[{"href":"https:\/\/www.galerie87.com\/en\/wp-json\/wp\/v2\/types\/product"}],"wp:featuredmedia":[{"embeddable":true,"href":"https:\/\/www.galerie87.com\/en\/wp-json\/wp\/v2\/media\/5458"}],"wp:attachment":[{"href":"https:\/\/www.galerie87.com\/en\/wp-json\/wp\/v2\/media?parent=5456"}],"wp:term":[{"taxonomy":"product_brand","embeddable":true,"href":"https:\/\/www.galerie87.com\/en\/wp-json\/wp\/v2\/product_brand?post=5456"},{"taxonomy":"product_cat","embeddable":true,"href":"https:\/\/www.galerie87.com\/en\/wp-json\/wp\/v2\/product_cat?post=5456"},{"taxonomy":"product_tag","embeddable":true,"href":"https:\/\/www.galerie87.com\/en\/wp-json\/wp\/v2\/product_tag?post=5456"}],"curies":[{"name":"wp","href":"https:\/\/api.w.org\/{rel}","templated":true}]}}

<p>Canapé courbe , appelé banana sofa, structure en bois recouvert de son tissu vert en bon état d&rsquo;usage. Danemark années 40</p>
<p>L 150 H 72 P72</p>

<!-- This site is optimized with the Yoast SEO plugin v27.4 - https://yoast.com/product/yoast-seo-wordpress/ -->
<title>Banana sofa vintage scandinave | Galerie87</title>
<meta name="description" content="Canapé courbe , appelé banana sofa, structure en bois recouvert de son tissu vert en bon état d&#039;usage. Danemark années 40" />
<meta name="robots" content="index, follow, max-snippet:-1, max-image-preview:large, max-video-preview:-1" />
<link rel="canonical" href="https://www.galerie87.com/en/product/banana-sofa-vintage-scandinave/" />
<meta property="og:locale" content="en_US" />
<meta property="og:type" content="article" />
<meta property="og:title" content="Banana sofa vintage scandinave | Galerie87" />
<meta property="og:description" content="Canapé courbe , appelé banana sofa, structure en bois recouvert de son tissu vert en bon état d&#039;usage. Danemark années 40" />
<meta property="og:url" content="https://www.galerie87.com/en/product/banana-sofa-vintage-scandinave/" />
<meta property="og:site_name" content="Galerie87" />
<meta property="article:modified_time" content="2025-10-22T15:45:56+00:00" />
<meta property="og:image" content="https://www.galerie87.com/wp-content/uploads/2024/01/banana-sofa-vintage-scandinave-4.png" />
	<meta property="og:image:width" content="1280" />
	<meta property="og:image:height" content="1280" />
	<meta property="og:image:type" content="image/png" />
<meta name="twitter:card" content="summary_large_image" />
<meta name="twitter:label1" content="Est. reading time" />
	<meta name="twitter:data1" content="1 minute" />
<script type="application/ld+json" class="yoast-schema-graph">{"@context":"https:\/\/schema.org","@graph":[{"@type":"WebPage","@id":"https:\/\/www.galerie87.com\/produit\/banana-sofa-vintage-scandinave\/","url":"https:\/\/www.galerie87.com\/produit\/banana-sofa-vintage-scandinave\/","name":"Banana sofa vintage scandinave | Galerie87","isPartOf":{"@id":"https:\/\/www.galerie87.com\/#website"},"primaryImageOfPage":{"@id":"https:\/\/www.galerie87.com\/produit\/banana-sofa-vintage-scandinave\/#primaryimage"},"image":{"@id":"https:\/\/www.galerie87.com\/produit\/banana-sofa-vintage-scandinave\/#primaryimage"},"thumbnailUrl":"https:\/\/www.galerie87.com\/wp-content\/uploads\/2024\/01\/banana-sofa-vintage-scandinave-4.png","datePublished":"2024-01-02T18:06:13+00:00","dateModified":"2025-10-22T15:45:56+00:00","description":"Canapé courbe , appelé banana sofa, structure en bois recouvert de son tissu vert en bon état d'usage. Danemark années 40","breadcrumb":{"@id":"https:\/\/www.galerie87.com\/produit\/banana-sofa-vintage-scandinave\/#breadcrumb"},"inLanguage":"en-US","potentialAction":[{"@type":"ReadAction","target":["https:\/\/www.galerie87.com\/produit\/banana-sofa-vintage-scandinave\/"]}]},{"@type":"ImageObject","inLanguage":"en-US","@id":"https:\/\/www.galerie87.com\/produit\/banana-sofa-vintage-scandinave\/#primaryimage","url":"https:\/\/www.galerie87.com\/wp-content\/uploads\/2024\/01\/banana-sofa-vintage-scandinave-4.png","contentUrl":"https:\/\/www.galerie87.com\/wp-content\/uploads\/2024\/01\/banana-sofa-vintage-scandinave-4.png","width":1280,"height":1280,"caption":"banana sofa vintage scandinave 40's"},{"@type":"BreadcrumbList","@id":"https:\/\/www.galerie87.com\/produit\/banana-sofa-vintage-scandinave\/#breadcrumb","itemListElement":[{"@type":"ListItem","position":1,"name":"Accueil","item":"https:\/\/www.galerie87.com\/"},{"@type":"ListItem","position":2,"name":"Boutique","item":"https:\/\/www.galerie87.com\/boutique\/"},{"@type":"ListItem","position":3,"name":"Banana sofa vintage scandinave"}]},{"@type":"WebSite","@id":"https:\/\/www.galerie87.com\/#website","url":"https:\/\/www.galerie87.com\/","name":"Galerie87","description":"Antiquités - Arts décoratifs du XXème","publisher":{"@id":"https:\/\/www.galerie87.com\/#organization"},"potentialAction":[{"@type":"SearchAction","target":{"@type":"EntryPoint","urlTemplate":"https:\/\/www.galerie87.com\/?s={search_term_string}"},"query-input":{"@type":"PropertyValueSpecification","valueRequired":true,"valueName":"search_term_string"}}],"inLanguage":"en-US"},{"@type":"Organization","@id":"https:\/\/www.galerie87.com\/#organization","name":"Galerie87","url":"https:\/\/www.galerie87.com\/","logo":{"@type":"ImageObject","inLanguage":"en-US","@id":"https:\/\/www.galerie87.com\/#\/schema\/logo\/image\/","url":"https:\/\/galerie.wizengo.com\/wp-content\/uploads\/2022\/03\/logo-galerie87-transparent.png","contentUrl":"https:\/\/galerie.wizengo.com\/wp-content\/uploads\/2022\/03\/logo-galerie87-transparent.png","width":347,"height":72,"caption":"Galerie87"},"image":{"@id":"https:\/\/www.galerie87.com\/#\/schema\/logo\/image\/"}}]}</script>
<!-- / Yoast SEO plugin. -->

Canapé courbe , appelé banana sofa, structure en bois recouvert de son tissu vert en bon état d'usage. Danemark années 40

Antiquités - Arts décoratifs du XXème
